at is the units digit of w?
5
Let l = -36 + 60. What is the tens digit of l?
2
Let t(v) = 10*v - 69. What is the units digit of t(24)?
1
Suppose 8*i - 589 = 4*i - 5*n, 4*i + 2*n - 598 = 0. What is the hundreds digit of i?
1
Let i(x) = -4*x + 11. What is the tens digit of i(-8)?
4
Let r = 18 - 32. Let w = 23 + r. What is the units digit of w?
9
Let c = 123 - 80. What is the tens digit of c?
4
Suppose -5*l + 26 = 6. Suppose 2*q + c = 4*c + 49, 0 = -5*q + l*c + 133. What is the tens digit of q?
2
Suppose 6*v - 3*v - 42 = 0. What is the units digit of v?
4
Let m = 7 + -3. Suppose 0*q = m*q - 52. Let u = -9 + q. What is the units digit of u?
4
Let i = 28 - -49. What is the units digit of i?
7
Let u(x) = 6*x**2 - 5*x**2 + 12*x**2 - 3*x + 6. Let k(a) = 14*a**2 - 4*a + 7. Let l(b) = -5*k(b) + 6*u(b). What is the units digit of l(-1)?
7
Let v(l) be the third derivative of 1/3*l**3 + 5/24*l**4 + 0*l + 1/120*l**6 - l**2 + 0 + 1/12*l**5. What is the units digit of v(-3)?
5
Let s be 3/5*(4 - -1). Suppose -34 = -s*b + 26. What is the tens digit of b?
2
What is the tens digit of (-15)/2*(-16)/10?
1
Let g(t) = -4*t + 4. Let i(s) = s - 6. Let q(z) = z - 9. Let b(w) = 8*i(w) - 5*q(w). Let l(k) = 6*b(k) + 5*g(k). What is the units digit of l(-3)?
8
Let v(q) = q**2 + 6*q + 3. Let g(p) be the second derivative of -p**3/6 - 3*p**2 - 3*p. Let w be g(0). What is the units digit of v(w)?
3
Let u = -16 - -10. Let y = -1 - -12. Let x = y + u. What is the units digit of x?
5
Let s = -6 + 13. What is the tens digit of -1*2 + 231/s?
3
Suppose -4*y = -9 + 25. Let h be 1/y + (-2)/(-8). What is the units digit of (2 + h)*(-30)/(-4)?
5
Let u(m) = -m**2 + 11*m - 7. Suppose 0 = 2*q - 7 - 11. What is the tens digit of u(q)?
1
Let g(j) be the first derivative of j**2 - 2*j - 4. What is the tens digit of g(6)?
1
Let n = -11 + 15. Let j = 26 - 16. Let i = j - n. What is the units digit of i?
6
Let a be (6/(-5))/((-6)/15). Suppose -7*q = -a*q. Suppose -24 = -2*d - q*d. What is the tens digit of d?
1
Suppose -d - 16 = 2*g - 3*g, 75 = 5*g - 4*d. What is the units digit of g?
1
Suppose 3*n + 41 = -2*l + 5, -l = 2*n + 18. Let m(d) = -2*d**3 - d**2 + d - 1. Let q be m(1). Let p = q - l. What is the units digit of p?
5
Suppose 0 = -3*i - i - 4*u + 392, 2*u = -3*i + 290. What is the units digit of i?
4
What is the units digit of 137 - ((-12)/8 + 1)*0?
7
Let t(o) be the second derivative of o**4/6 - o**3 - 7*o**2/2 - 4*o. What is the tens digit of t(5)?
1
Suppose 0 = 4*u + 2*v - 336, -3 = 4*v - 11. What is the tens digit of u?
8
Suppose -8*v + 28 = -4*v. Let m(a) be the third derivative of a**4/24 + a**3/2 - a**2. What is the tens digit of m(v)?
1
Suppose 5*w = -2*s - 6, 0*s - 2*s = 2*w + 6. Suppose -4*n + 31 = 3*g, w = 3*n - g - 9 - 11. What is the units digit of n?
7
Suppose 3*l - 2*l + 10 = 0. Let d be 52/5 - l/(-25). What is the units digit of ((-14)/d)/((-1)/5)?
7
Suppose -4*u - 152 = -3*w, 0 = 2*w - 3*u - 0 - 100. What is the units digit of w?
6
Let m = -13 + -9. What is the units digit of m*(-5 - (-6)/2)?
4
Suppose -12 = -3*s - 0*s. Let l(d) = -d**3 + 3*d**2 + 4*d + 1. Let f be l(s). What is the units digit of (11 + 2)*1/f?
3
Let j = 31 + -11. What is the tens digit of j?
2
Suppose 4*m + 1 = -3*s - 0*s, -2*m = 8. Let b = s - 4. What is the units digit of -5 + 6 - (-1)/b?
2
What is the units digit of 16 + 2 + 3 + -6?
5
Suppose -5*f + 2*h + 56 = 0, -f - 22 = -2*f - 5*h. Let k = 24 - f. What is the tens digit of k?
1
Suppose -x + 4*g - 21 = 0, 2*x = -2*x + 5*g - 29. Let s be 3/2 + x/(-2). Let y(t) = t**3 + 3*t - 3. What is the tens digit of y(s)?
1
Suppose r + 12 = -2*r. Let b(y) = 8*y. Let o be b(-1). What is the units digit of (o/10)/(r/50)?
0
Let b(o) = o**2 - 2*o**2 + 0*o - o + 2. Let h be b(-2). Suppose -3*v + v + 18 = h. What is the units digit of v?
9
Suppose -2*a + 49 = 5*z, -5*z + 61 + 3 = -3*a. What is the units digit of z?
1
Suppose 2*i - g = -48, 5*i = -4*g - 87 - 46. Let x = i + 14. Let c = x - -18. What is the units digit of c?
7
Let p(j) = 26*j - 5. What is the tens digit of p(8)?
0
Let p be (15/(-12))/((-3)/12). Suppose 5*w = -p*n + 60, 3*n + 0*w - 2*w = 11. Suppose -n = -2*b + 9. What is the units digit of b?
8
Suppose -5*v - 25 = -5*a, a - 8 = -3*a. Let x be (-26)/((-6)/v*-1). Suppose -4*k = -x - 23. What is the units digit of k?
9
What is the tens digit of 212/12 + 2/6?
1
Let q(b) = 4*b**2 + 9*b - 3. Let t be q(-7). Let p = t - 92. What is the units digit of p?
8
Let d(q) be the third derivative of -q**4/24 + 3*q**3 - q**2. What is the units digit of d(11)?
7
Let u(s) = s**3 - 8*s**2 + 8. Let m(p) = 3*p - 4. Let w be m(4). Let z be u(w). What is the units digit of z*1 - (2 + -3)?
9
Let m = 0 + 5. Suppose 0 = -4*j - m*h + 13, -4*j - j + 15 = 5*h. What is the units digit of j?
2
Suppose 2*r + 2*t + 12 = -2*t, 5*r + 2*t + 6 = 0. Suppose j - 4*y - 22 - 4 = r, 2*j + y = 61. Suppose 2*p = -p + j. What is the tens digit of p?
1
Let f = -12 - -14. Suppose b + 3*b + f*w = 42, -b + w + 12 = 0. What is the tens digit of b?
1
Suppose n + 4*u + u = 55, u - 251 = -5*n. What is the units digit of n?
0
Let l be 23 - (-3)/(12/4). Suppose -52 - l = -4*x. What is the units digit of x?
9
Let w(u) = -2*u - 6. Let o = -2 + 3. Let i = -5 + o. What is the units digit of w(i)?
2
Let p be 3/(-6)*(68 - 2). Let m be 6/p + 46/11. Suppose 4*c - 24 = 3*z, -5*c = 2*z - m*z - 30. What is the units digit of c?
6
Let y(c) = c**3 - 3*c**2 + 4*c + 2. What is the units digit of y(4)?
4
Suppose 5*w = 5*j + 180 - 50, -23 = -w + 2*j. What is the units digit of w?
9
Suppose -15 = -2*g - 3*g. Suppose -5*j + 12 = -g. Suppose 0 = j*m - 2*m - 20. What is the tens digit of m?
2
Suppose -29 = -2*p - 3. What is the tens digit of p?
1
Let x be (-6)/(-4*4/8). Suppose -x - 13 = -4*h. What is the units digit of h?
4
Let w = 77 - -27. What is the hundreds digit of w?
1
Let k be (0 - -1)*20/4. Suppose 0 = 3*v + 3*l - 9, k*v + 5 - 12 = 3*l. Suppose 5*g = -4*d + 64, v*d - 4 = -2*d. What is the units digit of g?
2
Let u = -5 + 26. What is the units digit of u?
1
Let x(f) = -f**3 + 7*f**2 + f - 4. Let v be x(7). Suppose v*y - 15 = -2*y. Suppose 4*k - y*m - 20 = -0*k, -2*k - 5*m + 10 = 0. What is the units digit of k?
5
Suppose -5*f = -150 - 300. What is the units digit of f?
0
Suppose 3*k + 4 = -4*h + k, -5*k - 10 = -2*h. Let m(f) = -f + 12. Let u be m(6). Suppose u = 3*t - h. What is the units digit of t?
2
Let p(i) = -2*i**2 - 3*i + 2. Let h(a) = -a + 1. Let b(l) = h(l) - p(l). What is the units digit of b(1)?
3
Let a = 33 - 6. What is the tens digit of a?
2
Let t be 196/(-12) + (-2)/(-6). What is the tens digit of (-92)/6*24/t?
2
Let n = -29 + 42. Suppose 0 = 4*y + n - 41. What is the units digit of y?
7
Let v(l) = -l**2 + 15*l - 16. What is the units digit of v(10)?
4
Let k(l) = -4*l**2 + 2*l - 1. Let w be k(1). Let c be (-19)/w + (-6)/(-9). Let u = -4 + c. What is the units digit of u?
3
Let n(h) = -h**3 - 4*h**2 + 7*h + 6. Let o be n(-5). Let k(s) = -9*s + 4. Let v(l) = 260*l - 117. Let p(d) = o*v(d) - 117*k(d). What is the units digit of p(1)?
3
Let b(l) = 4*l**3 - 2*l**2 + 8*l - 2. Let i(x) = -3*x**3 + 3*x**2 - 7*x + 2. Let q(t) = -2*b(t) - 3*i(t). What is the tens digit of q(5)?
2
Suppose 0 = -5*b + 4*q + 8, 4*b + 2*q - 14 = 2*b. Suppose -42 = 2*x - b*h, 3*x + 77 = 3*h - 4*h. Let u = 35 + x. What is the units digit of u?
0
What is the units digit of -3*(118/(-3) + -3)?
7
Let g be (-1)/(2 + 981/(-489)). Suppose 4*m - 5 = g. What is the units digit of m?
2
Let h = 1 + -1. Suppose b + h*b = 18. What is the units digit of b?
8
Suppose -f = 3*a - 10, 0*a = -3*f + a + 20. Suppose f = 4*c - 13. Suppose c*g = 4*g + 14. What is the tens digit of g?
1
What is the units digit of (((-505)/2)/5)/((-6)/12)?
1
Suppose -2*c + 4 = -0*c, 2*k - 2*c = 92. What is the tens digit of k?
4
Suppose -12 = 4*f + 5*w - 150, 0 = 5*w - 10. What is the units digit of f?
2
Let q = -5 + 10. Suppose q*o - 42 = 2*o. What is the units digit of o?
4
Suppose -4*n + 0 = -5*j - 10, 0 = n - 3*j - 6. Suppose -9 = -n*d - d. What is the units digit of d?
9
Suppose -b + 10 = -2*x, -5*x + b - 9 = 13. Let k be x/(-12) - 14/6. Let j = k + 6. What is the units digit of j?
4
Suppose 2*t = -3*p - 7, -3 = -t + 2*p + 11. What is the units digit of t/14 + (-104)/(-2